*z - 2, 3*l + z - 13 = r. Suppose 345 = l*o - 309. List the prime factors of o.
109
Suppose -2*o + d = -107, 5*o - 7 = 2*d + 262. Suppose 704 = -o*b + 59*b. List the prime factors of b.
2, 11
Let k be 0/1 - (-5 + 5). Suppose k = 9*p + 6*p + 1035. Let d = p - -72. List the prime factors of d.
3
Suppose 0 = 2*u - 17 + 9. Let l be (63 - -5) + (2 - u). Suppose -4*m + l + 74 = 0. What are the prime factors of m?
5, 7
Let q = 753 - 314. Let z = q - 196. List the prime factors of z.
3
Let m = 16146 - 8921. List the prime factors of m.
5, 17
Suppose 40075 = 20*u - 47945. What are the prime factors of u?
3, 163
What are the prime factors of (40/30)/((-12)/(-1080828)*14)?
2, 4289
Let f(g) = -2*g**3 - 24*g**2 - 28*g - 69. Let o(l) = -3*l**3 - 25*l**2 - 28*l - 67. Let x(t) = 4*f(t) - 3*o(t). List the prime factors of x(23).
3, 113
Suppose -3*y - 5*n = -37, -5*n + 46 = 5*y - 19. Let t(u) = 7*u - 3. List the prime factors of t(y).
5, 19
Let v(u) be the third derivative of 7*u**4/24 + 151*u**3/6 + u**2. Let w be (-16)/88 + 4/22. List the prime factors of v(w).
151
Suppose 5*q + 2483 = 3*f, -3*f - 245 = q + 248. What are the prime factors of (-14)/(8/q*1)?
2, 7, 31
Suppose -8*a + 10*a - 36*a = -552704. List the prime factors of a.
2, 127
Let q = -39 + 32. Let h be (q + 8)*1*(2 + -3). What are the prime factors of (-42)/(-3)*(-4)/(0 + h)?
2, 7
Suppose 0 = 2*k - 11*k - 126. Let m be -3 - k/5 - 1/(-5). Suppose m = 2*p - 132 - 42. List the prime factors of p.
3, 29
Suppose -572*d + 4*i - 8354 = -574*d, -i = 3*d - 12531. What are the prime factors of d?
4177
What are the prime factors of (-45 + 24 - -7) + 37127?
3, 89, 139
Let s = -460 + 463. Suppose 0 = -3*a, 3*n - 5*n = s*a - 886. List the prime factors of n.
443
Suppose q = 9*q - 2824. Suppose -5*g = o - 586, -5*o = 3*g - 3*o - q. Suppose -21 = d - g. What are the prime factors of d?
2, 3
Suppose -2*x - 3*q + 168 + 8993 = 0, -4*q = x - 4588. List the prime factors of x.
2, 11, 13
Suppose -3*n = -4*t + 12364, 1196 = 3*t + 3*n - 8056. List the prime factors of t.
2, 193
Suppose -3*m + 25 = 2*m. Suppose -2*d + 200 = 5*b, 0 = 4*d - m*b + 3*b - 400. List the prime factors of d.
2, 5
Let o(b) = b - 11. Let q be o(8). Let s(p) = -3*p - 3*p**2 + 29 - 3*p**3 + 0*p**3 - 26. What are the prime factors of s(q)?
2, 3, 11
Suppose 2*f - 1318 = -4*t, 4*t - 5*t + 334 = -f. Let j = -114 + t. List the prime factors of j.
7, 31
Suppose s = -7, 4*s = 21*y - 24*y + 11630. List the prime factors of y.
2, 29, 67
Let t be ((-36736)/24)/7*3. What are the prime factors of ((-14)/(56/(-5)))/((-2)/t)?
2, 5, 41
Suppose 14*l + 59207 = 4*w + 15*l, 6*l + 44358 = 3*w. What are the prime factors of w?
2, 5, 37
What are the prime factors of (19 + -27 + (-23)/(-3))*(-59331)/1?
19777
Let q = 3 - -488. List the prime factors of q.
491
Let o be -5*(-2 - (-68)/(-10)). Let q = o - 42. Suppose q*w - 3*i - 22 = 0, -4*w = -0*i - 3*i - 50. What are the prime factors of w?
2, 7
Suppose -7*c = 3*u - 4*c - 26607, -c - 8865 = -u. List the prime factors of u.
8867
Let s(b) = -832*b - 790 + 2399*b + 758. List the prime factors of s(1).
5, 307
Let d = 443 - 430. Suppose 0 = -2*q - 5*w + 280, -17*q = -d*q + 2*w - 560. What are the prime factors of q?
2, 5, 7
Let a be 4/18 + (-16976)/(-72). Suppose y - 911 = 4*q, 2*q = q + 3*y - a. Let r = -114 - q. What are the prime factors of r?
113
Let v = 10941 + -9858. What are the prime factors of v?
3, 19
Let k(i) = 168*i**2 - 9*i - 6. Let a(y) = 169*y**2 - 10*y - 8. Let w(q) = -5*a(q) + 6*k(q). What are the prime factors of w(1)?
163
Let a(s) = 2*s**2 + 172*s + 4616. What are the prime factors of a(-88)?
2, 3, 23
Let b(l) = 1167*l**2 + 572*l + 38. What are the prime factors of b(-7)?
3, 73
Suppose -267*l - 470*l + 59*l + 7620042 = 0. List the prime factors of l.
11239
Suppose -2*c = -11*c + 18. Suppose 0 = -4*v - c*b + 774, 4*v - b = v + 588. What are the prime factors of v?
3, 5, 13
Let a(x) be the second derivative of x**4/12 + x**3/3 - x**2 - 12*x. Let y be a(-3). List the prime factors of (y - 12/9) + 590/6.
2, 7
Let t(r) = 26*r - 24. Let a(c) = 24*c - 23. Let f(d) = -3*a(d) + 2*t(d). What are the prime factors of f(-2)?
61
Suppose 3*t + 17*t + 1260 = 0. Let s = t + 159. What are the prime factors of s?
2, 3
Let d be 0 + 5 + -6 - (-1 - 2). List the prime factors of ((-622)/d - -6)*-1.
5, 61
Suppose -2*l = -q + 4, 2*q - 7*q - 2*l = -8. Let a be (-125)/25 - (-268)/q. Suppose 2*n + a = 3*n. List the prime factors of n.
3, 43
Suppose 9*u - 11*u + 6 = 0. Let g be ((-12)/(-4) - u)/(6/3). List the prime factors of (6 + g)/(4/6).
3
Let t(b) = -2*b - 20. Let l be t(-10). Suppose l = 17*y - 16*y - 41. Suppose -3*o - 2*m = 2*o - y, -2*o - m = -16. List the prime factors of o.
3
Suppose 4*p + r = 10, 7 = 3*r + 1. Suppose -l + 68 = -w, p*w + 248 = -2*w - 4*l. Let j = w + 197. List the prime factors of j.
2, 3, 11
Let c = 7122 + -5145. What are the prime factors of c?
3, 659
Suppose 6*m - 4440 = 18792. Suppose m = 8*f - 0*f. What are the prime factors of f?
2, 11
Suppose 29*x + 15*x = -65*x + 527451. List the prime factors of x.
3, 1613
Suppose 0 = 8*l - 13 - 11. Let k be 48*2 + (-4 - (-6)/l). Let t = 204 - k. What are the prime factors of t?
2, 5, 11
Let v(c) = -55 + 100 - 5*c + 6*c + 4*c + 239. What are the prime factors of v(40)?
2, 11
Let k(f) be the first derivative of f**4/4 - 7*f**3/3 + 23*f**2/2 + 25*f - 124. What are the prime factors of k(11)?
2, 3, 127
Suppose -j = -2*j - 3*w + 227, -5*j + w + 1215 = 0. Suppose 0 = 2*h - 4*n - 5 + 11, 2*n = 4*h - 12. Suppose -h*o - j = -1097. List the prime factors of o.
3, 19
Suppose -n + 16758 - 5656 = -u, 3*u - 22214 = -2*n. List the prime factors of n.
2, 347
Suppose 2406 + 11865 = 5*c + 2*y, 4*c - 11422 = y. List the prime factors of c.
5, 571
Let n(u) = u**2. Let b(p) = 9*p**2 - 16*p + 15. Let h(r) = b(r) - 5*n(r). What are the prime factors of h(7)?
3, 11
Let p(q) = -76*q**2 + 6*q + 3. Let g be 1*(16/(-6) - (-3)/(-9)). Let a be p(g). What are the prime factors of 1 - 8/10 - a/5?
2, 5, 7
Suppose -127*a + 497391 = 10*a - 1986830. What are the prime factors of a?
18133
Let f(o) = -10*o**3 - 4*o**2 - 6*o - 5. Let v(l) = -l**3 - l - 1. Let g(d) = -f(d) + 6*v(d). What are the prime factors of g(4)?
11, 29
Let x(k) = -4*k**3 + 33*k**2 + 204*k + 62. What are the prime factors of x(-11)?
5, 1427
Let k be (-5 - 1)/(6/(-124)). Suppose 405 = 44*n + 1725. Let w = k + n. List the prime factors of w.
2, 47
Suppose -635786 - 1761 - 43693 = -84*p. List the prime factors of p.
2, 5, 811
Suppose -4 = -5*y + 16. Suppose -361 = -3*l - 2*i, -5*l + 591 = -0*i - 2*i. Suppose -y*c + 98 = -2*j, l = 5*c + 4*j - 36. List the prime factors of c.
3
Let s be (1 - 11/(-33))*(-18)/(-8). Suppose -4*t + 744 = 2*a + 2*a, 370 = 2*a + s*t. List the prime factors of a.
2, 47
Let n(t) = t**2 - 11*t + 33. Let y be n(7). Let d(k) = -4*k + 19. Let w be d(y). What are the prime factors of (2 - 2 - 4 - w) + 74?
71
Suppose 30*q + 114*q = 99936. What are the prime factors of q?
2, 347
Suppose 0 = 2*x - 3*x + 4. Let s be 243/(-189) - 115/(-35). Suppose p + s*u = 62 + 27, x*u = -p + 97. What are the prime factors of p?
3
Suppose 3*m = 124 + 38. Suppose -m*t + 46*t = -2128. What are the prime factors of t?
2, 7, 19
Suppose 4*k + 3*x - 24813 = 0, 0 = -4*x + 2111 - 2115. List the prime factors of k.
2, 3, 11, 47
Suppose 3*t - 5970 = -0*t. Suppose t = -l + 6*l. What are the prime factors of l?
2, 199
Let f(w) = w - 4. Let v be f(-6). What are the prime factors of ((-185)/v)/(3/54)?
3, 37
Let v = -44852 + 76880. What are the prime factors of v?
2, 3, 17, 157
Let q = -70 - -70. Suppose q = -4*c + 160 + 1036. What are the prime factors of c?
13, 23
Let a be -4 + 0*(-5)/(-20). Let c(q) = -76*q + 4. List the prime factors of c(a).
2, 7, 11
Let p = -2177 - -2314. What are the prime factors of p?
137
Suppose -39*g + 970861 - 323303 = -g. What are the prime factors of g?
17041
Suppose -15*i - 493 = 10112. Let s = -614 - i. What are the prime factors of s?
3, 31
Let x be (1 - (-7)/(-5)) + 2/5. Let h(l) = l**2 + 2*l + 160. Let c be h(0). Suppose x = -0*p - 5*p + c. List the prime factors of p.
2
Let d = -127 - -218. Let w = d - 91. Suppose w = -11*o + 417 + 265. List the prime factors of o.
2, 31
Suppose -7*h + 6*h = -2. Suppose 2*f + 10 